r of 95 and k.
95
Suppose -507 - 151 = 7*a. Let s = 11 - a. What is the greatest common divisor of 42 and s?
21
Let b = 60 + -37. Suppose -9*i + 140 - b = 0. Calculate the greatest common divisor of 143 and i.
13
Suppose 16*k - 31 = 33. Suppose 1 = -k*a + 197. Let r = 8 + -1. What is the highest common factor of a and r?
7
Let g(i) = 30*i**2 - 3*i + 2. Let h = -26 - -15. Let n = -9 - h. Let l be g(n). What is the highest common factor of l and 29?
29
Let y be 10/8*(2 + 10). Let v be (y/(-45))/((-1)/(-39)). Let h = v - -19. What is the highest common factor of h and 12?
6
Let v(t) = 33 + 44*t - 5*t**2 - 42*t + 3*t**2. Let w be v(0). What is the highest common factor of 22 and w?
11
Suppose -f + 30 + 24 = 0. Suppose 114 = 5*v + 4*g - 2*g, 0 = 2*v + 5*g - f. Let w = 36 - v. Calculate the greatest common factor of 35 and w.
7
Let g be ((-16)/(-40))/((-2)/(-15)). Let p be g/(-7) - (-470)/35. What is the highest common divisor of p and 91?
13
Let k(n) = -10*n + 30. Let c be k(-2). What is the greatest common factor of 40 and c?
10
Suppose -23*l + 128 - 105 = 0. Calculate the greatest common factor of l and 261.
1
Let o(w) = -10*w + 0*w**3 - 2 + 8*w**2 - w**3 + 3 + 4. Let j be o(5). What is the greatest common divisor of 10 and j?
10
Let o be 29172/340*10/6. What is the highest common divisor of o and 13?
13
Suppose 4*z - 343 = -5*t + 186, -4*t = -3*z - 417. Calculate the greatest common factor of 225 and t.
15
Suppose -141*b = -136*b - 275. What is the greatest common factor of b and 1265?
55
Let a = 21 + -14. Let z = a - 1. Suppose 0 = 2*n + 4*n - z. Calculate the greatest common divisor of n and 4.
1
Let k be ((-176)/24)/(6/(-837)). What is the highest common factor of 33 and k?
33
Let h be 3/(-6*(-1)/4). Suppose 8 = -0*y - h*y. Let w be (-30)/y*16/20. Calculate the highest common factor of w and 15.
3
Suppose 12*s - 43 = 185. Let i = s - 16. What is the highest common factor of 9 and i?
3
Let w(d) = -21*d - 3. Let q be w(-7). Suppose c = 5*c + q. Let h = 87 + c. Calculate the greatest common factor of h and 17.
17
Let z = 116 - 74. Let d = 332 - -4. What is the greatest common factor of z and d?
42
Suppose 5*h = 2*x - 27, 7*h = 12*h + 25. Calculate the highest common divisor of x and 11.
1
Let p be 112/(-24)*2*(-3)/4. What is the greatest common divisor of p and 7?
7
Let m = -241 - -291. What is the highest common factor of 850 and m?
50
Let d be 86 + (11 - (-2 - -4)). Calculate the highest common factor of d and 285.
95
Let m(p) = p**2 + 11*p + 7. Let s be m(-9). Let k(v) = v**2 + 10*v + 7. Let w be k(s). Let z = w + -10. Calculate the highest common divisor of 8 and z.
8
Let z = -32 + 36. Let u(g) = -g**3 + 6*g**2 + 3*g - 10. Let j be u(z). Suppose j = 7*k - 43. Calculate the greatest common divisor of 11 and k.
11
Let t(y) = y**3 - 32*y**2 - 30*y - 39. Let r be t(33). Calculate the highest common divisor of 96 and r.
12
Let x = 4 - -8. Let w be (-3159)/(-24) + 3/8. What is the highest common factor of w and x?
12
Let c = -3 - -5. Let z = -702 + 703. Calculate the highest common factor of c and z.
1
Suppose -2*a = -6 - 8. Suppose -2*z = 3*p - a*z - 183, -4*z + 212 = 4*p. Calculate the highest common factor of 28 and p.
28
Suppose -22*m = -23*m + 24. Suppose -2*f + 0*f - 240 = 0. Let n = m - f. Calculate the greatest common divisor of n and 16.
16
Let w = 24 - 23. Let b be 2 - (w + 1*-74). Calculate the highest common divisor of b and 30.
15
Suppose -77*i = -74*i - 189. Calculate the highest common factor of i and 72.
9
Suppose o = 3*o - 84. Suppose 0 = -540*y + 43070 - 9050. Calculate the highest common factor of o and y.
21
Let s = 22 - 23. Let a be 290/40 - s/(-4). What is the highest common factor of a and 21?
7
Suppose 16 = -2*c + 3*c. What is the highest common divisor of 256 and c?
16
Suppose -12*c = -9*c - 123. Let l = -33 + c. Calculate the highest common divisor of 1 and l.
1
Suppose 243 = 9*s - 477. Calculate the highest common factor of s and 25.
5
Let i(w) = w**3 - 8*w**2 + 12*w. Let q be i(7). Let z be (-10)/q + 102/14. Calculate the greatest common factor of z and 77.
7
Suppose -10 = -2*h + 5*d, -176 = -3*h - 2*d - 142. Suppose 4*o = 370 + 70. Calculate the highest common factor of o and h.
10
Let t = 59 - 54. Suppose -2*k - k = -4*o + 1, -t*o + 30 = 2*k. What is the highest common divisor of o and 6?
2
Suppose -9*q + 98 = -253. What is the greatest common divisor of 377 and q?
13
Let c = -491 + 515. What is the highest common factor of 24 and c?
24
Let x be -2*15/(-10) + -3. Suppose -2*f = -2*u - 261 - 59, x = -5*u. Calculate the highest common divisor of f and 20.
20
Let d(r) = r**3 - 5*r**2 + 3*r - 10. Let i be d(5). Let h be (7 - i)/((-2)/6). Let y be (-3)/h*-4 - -65. Calculate the highest common factor of y and 7.
7
Suppose 0 = -2*t - r + 58, 2*t + t + 5*r = 80. Let m = -218 + 458. What is the greatest common factor of t and m?
30
Suppose 0 = 4*p - 53 + 5. Suppose 199 = -5*j - 481. Let a be (3 + j/p)*-9. Calculate the greatest common factor of 30 and a.
15
Let g = 9 + 5. Let x = -48 - -62. Calculate the greatest common factor of g and x.
14
Let f(n) = n**2 - 5*n + 2. Let a be f(5). Suppose -5*j - 5*g = -0*j, 2*g - a = -4*j. Suppose 4*q - 43 = j. What is the highest common divisor of q and 1?
1
Suppose 0 = -3*o + 2*k + 40, -2*o - k + 25 = -2*k. Let b be 8 + (-722)/(-10) + (-1)/5. Calculate the highest common divisor of b and o.
10
Suppose 17*a - 10 = 12*a. What is the greatest common divisor of a and 10?
2
Let q be ((6 - -1) + -3)*(22 - 13). Let s(c) = 8*c - 4. Let x be s(5). What is the highest common factor of x and q?
36
Let v(i) = 37*i**2 + 2*i - 2. Let y be v(1). Let f = y + -4. Suppose 0 = b - f - 18. What is the highest common divisor of 34 and b?
17
Let i(l) = 3*l - 13. Let r be i(9). Suppose 2*q + q - 21 = 0. Suppose s + 0*s - q = 0. Calculate the greatest common factor of r and s.
7
Let c = 192 + 208. What is the greatest common divisor of 32 and c?
16
Let y = 20 + -5. Let h be (72/y)/((-6)/(-15)). Calculate the greatest common factor of 48 and h.
12
Let o = 733 + 801. Calculate the greatest common divisor of 26 and o.
26
Let r be 860/15*(-9)/(-4). Calculate the highest common divisor of r and 817.
43
Let c be (0 + 1/1)*1. Let h(m) = 56*m**2 + 168*m + 1. Let a be h(-3). Calculate the highest common divisor of c and a.
1
Suppose -53*w + 58*w - 15 = 0. Suppose 11 + 169 = w*s. What is the highest common factor of 24 and s?
12
Suppose -738 = -4*t - 3*l, -4*t + 17*l - 16*l + 746 = 0. What is the greatest common divisor of 78 and t?
6
Suppose 203 = 5*g + 2*g. Suppose -5*x + 36 = -g. What is the highest common divisor of x and 13?
13
Suppose b + 5 = 2, -2*b = -3*t + 27. Let o(w) = w**3 - 7*w**2 + 3*w + 8. Let l be o(t). Calculate the greatest common divisor of l and 29.
29
Let w = 10 - 10. Suppose w*g = 3*g - 75. What is the greatest common divisor of g and 175?
25
Suppose 0 = -k - 20*p + 17*p + 34, -4*k + p + 84 = 0. What is the greatest common factor of 55 and k?
11
Let t = -1630 - -2067. Calculate the highest common divisor of 19 and t.
19
Let k be -39 + 51 - (-1)/1. Calculate the highest common divisor of k and 260.
13
Suppose -5*r - q - 129 = 109, -r - 2*q - 44 = 0. Let a be 1 - r - (-24)/(-6). Calculate the greatest common divisor of 15 and a.
15
Suppose -24*p - 380 = -22*p. Let i = -97 - p. What is the highest common factor of i and 31?
31
Let m(z) = z**2 + 1. Let f(x) = x**3 - 4*x - 4. Let y(h) = -f(h) - 4*m(h). Let c be y(-5). Calculate the highest common factor of c and 2.
1
Suppose -14*v + 12*v = -4. Let z be 543 - 5*2/5 - v. What is the greatest common divisor of 49 and z?
49
Let h be (-2484)/(-45)*(3 - -2). What is the greatest common divisor of 12 and h?
12
Let r = 0 + 62. Let q(f) = -f**3 + 12*f**2 - 21*f - 21. Let v be q(10). Let c = r + v. What is the highest common factor of 62 and c?
31
Let h(z) = 6*z - 31 - 6 + 14. Let o be h(12). Suppose -4*g + 4*i - 5*i = -o, 5*i = 3*g - 31. Calculate the highest common factor of g and 24.
12
Let x be (-342)/4*8/(-6). Let f(n) = -32*n + 198. Let b be f(5). Calculate the highest common factor of x and b.
38
Let w(x) = -x + 5. Let o be w(2). Calculate the highest common divisor of 99 and o.
3
Let b = 1422 + -981. Calculate the highest common divisor of b and 7.
7
Le